{"id":4621,"date":"2022-02-23T16:26:19","date_gmt":"2022-02-23T19:26:19","guid":{"rendered":"https:\/\/zonaimaginaria.com.ar\/web\/?page_id=4621"},"modified":"2022-06-14T16:36:25","modified_gmt":"2022-06-14T19:36:25","slug":"dannisa-chalfoun","status":"publish","type":"page","link":"https:\/\/zonaimaginaria.com.ar\/web\/dannisa-chalfoun\/","title":{"rendered":"Dannisa Chalfoun"},"content":{"rendered":"\t\t<div data-elementor-type=\"wp-page\" data-elementor-id=\"4621\" class=\"elementor elementor-4621\" data-elementor-settings=\"[]\">\n\t\t\t\t\t\t\t<div class=\"elementor-section-wrap\">\n\t\t\t\t\t\t\t<section class=\"elementor-section elementor-top-section elementor-element elementor-element-771aef5c elementor-section-height-min-height elementor-section-stretched elementor-section-full_width elementor-section-height-default elementor-section-items-middle\" data-id=\"771aef5c\" data-element_type=\"section\" data-settings=\"{&quot;stretch_section&quot;:&quot;section-stretched&quot;}\">\n\t\t\t\t\t\t<div class=\"elementor-container elementor-column-gap-default\">\n\t\t\t\t\t<div class=\"elementor-column elementor-col-100 elementor-top-column elementor-element elementor-element-61fc1369\" data-id=\"61fc1369\" data-element_type=\"column\">\n\t\t\t<div class=\"elementor-widget-wrap elementor-element-populated\">\n\t\t\t\t\t\t\t\t<div class=\"elementor-element elementor-element-4587355e elementor-widget elementor-widget-image\" data-id=\"4587355e\" data-element_type=\"widget\" data-widget_type=\"image.default\">\n\t\t\t\t<div class=\"elementor-widget-container\">\n\t\t\t\t\t\t\t\t\t\t\t\t\t\t\t<img width=\"1200\" height=\"504\" src=\"https:\/\/zonaimaginaria.com.ar\/web\/wp-content\/uploads\/2022\/02\/Dannisa-Portada.jpg\" class=\"attachment-full size-full\" alt=\"\" loading=\"lazy\" srcset=\"https:\/\/zonaimaginaria.com.ar\/web\/wp-content\/uploads\/2022\/02\/Dannisa-Portada.jpg 1200w, https:\/\/zonaimaginaria.com.ar\/web\/wp-content\/uploads\/2022\/02\/Dannisa-Portada-300x126.jpg 300w, https:\/\/zonaimaginaria.com.ar\/web\/wp-content\/uploads\/2022\/02\/Dannisa-Portada-1024x430.jpg 1024w, https:\/\/zonaimaginaria.com.ar\/web\/wp-content\/uploads\/2022\/02\/Dannisa-Portada-768x323.jpg 768w\" sizes=\"(max-width: 1200px) 100vw, 1200px\" \/>\t\t\t\t\t\t\t\t\t\t\t\t\t\t\t<\/div>\n\t\t\t\t<\/div>\n\t\t\t\t\t<\/div>\n\t\t<\/div>\n\t\t\t\t\t\t\t<\/div>\n\t\t<\/section>\n\t\t\t\t<section class=\"elementor-section elementor-top-section elementor-element elementor-element-1c29603a elementor-section-stretched elementor-section-boxed elementor-section-height-default elementor-section-height-default\" data-id=\"1c29603a\" data-element_type=\"section\" data-settings=\"{&quot;stretch_section&quot;:&quot;section-stretched&quot;,&quot;background_background&quot;:&quot;classic&quot;}\">\n\t\t\t\t\t\t<div class=\"elementor-container elementor-column-gap-default\">\n\t\t\t\t\t<div class=\"elementor-column elementor-col-50 elementor-top-column elementor-element elementor-element-10db3643\" data-id=\"10db3643\" data-element_type=\"column\">\n\t\t\t<div class=\"elementor-widget-wrap elementor-element-populated\">\n\t\t\t\t\t\t\t\t<div class=\"elementor-element elementor-element-46e92fe8 elementor-widget elementor-widget-heading\" data-id=\"46e92fe8\" data-element_type=\"widget\" data-widget_type=\"heading.default\">\n\t\t\t\t<div class=\"elementor-widget-container\">\n\t\t\t<h2 class=\"elementor-heading-title elementor-size-medium\">ZI RESIDENCIA Qui\u00e9n puede vivir en esta casa?<\/h2>\t\t<\/div>\n\t\t\t\t<\/div>\n\t\t\t\t\t<\/div>\n\t\t<\/div>\n\t\t\t\t<div class=\"elementor-column elementor-col-50 elementor-top-column elementor-element elementor-element-5b823e3\" data-id=\"5b823e3\" data-element_type=\"column\">\n\t\t\t<div class=\"elementor-widget-wrap elementor-element-populated\">\n\t\t\t\t\t\t\t\t<div class=\"elementor-element elementor-element-555c8c7 elementor-align-right elementor-widget elementor-widget-button\" data-id=\"555c8c7\" data-element_type=\"widget\" data-widget_type=\"button.default\">\n\t\t\t\t<div class=\"elementor-widget-container\">\n\t\t\t\t\t<div class=\"elementor-button-wrapper\">\n\t\t\t<a href=\"#Chalfoun\" class=\"elementor-button-link elementor-button elementor-size-xs\" role=\"button\">\n\t\t\t\t\t\t<span class=\"elementor-button-content-wrapper\">\n\t\t\t\t\t\t<span class=\"elementor-button-text\">English Below<\/span>\n\t\t<\/span>\n\t\t\t\t\t<\/a>\n\t\t<\/div>\n\t\t\t\t<\/div>\n\t\t\t\t<\/div>\n\t\t\t\t\t<\/div>\n\t\t<\/div>\n\t\t\t\t\t\t\t<\/div>\n\t\t<\/section>\n\t\t\t\t<section class=\"elementor-section elementor-top-section elementor-element elementor-element-2ec837a3 elementor-section-stretched elementor-section-height-min-height elementor-section-boxed elementor-section-height-default elementor-section-items-middle\" data-id=\"2ec837a3\" data-element_type=\"section\" data-settings=\"{&quot;stretch_section&quot;:&quot;section-stretched&quot;}\">\n\t\t\t\t\t\t<div class=\"elementor-container elementor-column-gap-default\">\n\t\t\t\t\t<div class=\"elementor-column elementor-col-100 elementor-top-column elementor-element elementor-element-7a45ba0f\" data-id=\"7a45ba0f\" data-element_type=\"column\">\n\t\t\t<div class=\"elementor-widget-wrap elementor-element-populated\">\n\t\t\t\t\t\t\t\t<div class=\"elementor-element elementor-element-2b94ea53 elementor-widget elementor-widget-heading\" data-id=\"2b94ea53\" data-element_type=\"widget\" data-widget_type=\"heading.default\">\n\t\t\t\t<div class=\"elementor-widget-container\">\n\t\t\t<h2 class=\"elementor-heading-title elementor-size-default\">DANNISA CHALFOUN \u00b7 Tucum\u00e1n, Argentina \u00b7 Febrero 2016<\/h2>\t\t<\/div>\n\t\t\t\t<\/div>\n\t\t\t\t<div class=\"elementor-element elementor-element-2b36d02 elementor-widget elementor-widget-text-editor\" data-id=\"2b36d02\" data-element_type=\"widget\" data-widget_type=\"text-editor.default\">\n\t\t\t\t<div class=\"elementor-widget-container\">\n\t\t\t\t\t\t\t\t<h6><span style=\"color: #999999;\">+ Residencia Verano con Magdalena Petroni y Alicia Valente<\/span><\/h6><h6><span style=\"color: #999999;\">+ Recorrido por el barrio<\/span><\/h6><h6><span style=\"color: #999999;\">+ Encuentros con artistas<\/span><\/h6><h6><span style=\"color: #999999;\">+ Fotograbado<\/span><\/h6>\t\t\t\t\t\t<\/div>\n\t\t\t\t<\/div>\n\t\t\t\t\t<\/div>\n\t\t<\/div>\n\t\t\t\t\t\t\t<\/div>\n\t\t<\/section>\n\t\t\t\t<section class=\"elementor-section elementor-top-section elementor-element elementor-element-107055c elementor-section-stretched elementor-section-boxed elementor-section-height-default elementor-section-height-default\" data-id=\"107055c\" data-element_type=\"section\" data-settings=\"{&quot;stretch_section&quot;:&quot;section-stretched&quot;}\">\n\t\t\t\t\t\t<div class=\"elementor-container elementor-column-gap-default\">\n\t\t\t\t\t<div class=\"elementor-column elementor-col-100 elementor-top-column elementor-element elementor-element-42cfd8d6\" data-id=\"42cfd8d6\" data-element_type=\"column\">\n\t\t\t<div class=\"elementor-widget-wrap elementor-element-populated\">\n\t\t\t\t\t\t\t\t<div class=\"elementor-element elementor-element-757bb8bf elementor-widget elementor-widget-text-editor\" data-id=\"757bb8bf\" data-element_type=\"widget\" data-widget_type=\"text-editor.default\">\n\t\t\t\t<div class=\"elementor-widget-container\">\n\t\t\t\t\t\t\t\t<p class=\"style1\"><strong>Sobre los proyectos<\/strong><\/p><p><em>&#8216;Vivir en Zona fue transformador en mi caso y la casa termin\u00f3 habitando en m\u00ed. Lo que m\u00e1s llam\u00f3 mi atenci\u00f3n desde el principio fue la luz que ingresa a la casa, como si nunca se apagase, como as\u00ed tambi\u00e9n los objetos que habitan org\u00e1nicamente la casa: una especie de Castillo Vagabundo de Hayao Miyazaki, pero con huellas de obras de artistas en cada porci\u00f3n de la casa. El ba\u00f1o y sus mujeres que te observan desde la puerta y detr\u00e1s del espejo. Los cuencos de cer\u00e1mica esmaltados, las recetas en las paredes de las residentas de Jordania, el patio y su mural de un joven leyendo un libro. <\/em><\/p><p><em>A medida en que pasaban los d\u00edas, los relatos de Lucrecia de c\u00f3mo fueron form\u00e1ndose esas obras reconstru\u00edan una nueva casa en mi mente, otra imagen de la casa: una casa imaginada. En los 10 d\u00edas que viv\u00ed all\u00ed intent\u00e9 hacer uso del tiempo provechosamente. Pasaba las ma\u00f1anas escribiendo, meditando sobre el arte, mis formas de expresi\u00f3n, mis h\u00e1bitos. Y tambi\u00e9n sobre la din\u00e1mica que se generaba con las otras residentas, el barrio, Lucrecia y las mujeres imaginarias que son muy reales y trabajan con ella en Zona. Despu\u00e9s de plasmar mis reflexiones, me trasladaba al taller donde comenc\u00e9 probando con distintos tipos de materiales para obtener fluidos de distinta composici\u00f3n y densidades.<\/em><\/p><p><em>Mi intenci\u00f3n era trabajar sobre el concepto de mutaci\u00f3n utilizando mi medio expresivo que es la fotograf\u00eda en blanco y negro. Para ello tom\u00e9 como referencia el libro del I Ching, ancestral or\u00e1culo chino que me sirvi\u00f3 de gu\u00eda y fue como un pase a otra dimensi\u00f3n. Porque animada por las chicas del barrio, Mail\u00e9n, Lara y Candela, me decid\u00ed a abrir una sesi\u00f3n de Consulta al I Ching al p\u00fablico. La condici\u00f3n era el intercambio de un objeto que me traiga fortuna por una interpretaci\u00f3n de un hexagrama para conocer tu destino. Conocer a Magdalena fue fundamental para descifrar mis propias mutaciones que experiment\u00e9 durante mi estad\u00eda. Sent\u00ed que con sus vasijas y el torno, ella moldeaba en simult\u00e1neo un vac\u00edo latente. Supongo que para que algo cambie, primero tiene que existir un vac\u00edo, algo intangible y no s\u00e9 si tambi\u00e9n, algo escondido.<\/em><\/p><p><em>Vivir en la casa, sin dudas, me cambi\u00f3. Entrar por primera vez y habitar un espacio, apropiarlo, dejar un rastro. La mutaci\u00f3n del espacio y la mutaci\u00f3n de uno con el espacio. El I Ching dice que el cielo representa el tiempo y la tierra representa el espacio. Siento que eso es Zona: tiempo y espacio. Una especie de f\u00f3rmula alqu\u00edmica para la creaci\u00f3n&#8217;.<\/em><\/p><p>Dannisa Chalfoun<\/p>\t\t\t\t\t\t<\/div>\n\t\t\t\t<\/div>\n\t\t\t\t\t<\/div>\n\t\t<\/div>\n\t\t\t\t\t\t\t<\/div>\n\t\t<\/section>\n\t\t\t\t<section class=\"elementor-section elementor-top-section elementor-element elementor-element-29591286 elementor-section-stretched elementor-section-boxed elementor-section-height-default elementor-section-height-default\" data-id=\"29591286\" data-element_type=\"section\" data-settings=\"{&quot;stretch_section&quot;:&quot;section-stretched&quot;}\">\n\t\t\t\t\t\t<div class=\"elementor-container elementor-column-gap-default\">\n\t\t\t\t\t<div class=\"elementor-column elementor-col-50 elementor-top-column elementor-element elementor-element-1a0c0940\" data-id=\"1a0c0940\" data-element_type=\"column\">\n\t\t\t<div class=\"elementor-widget-wrap elementor-element-populated\">\n\t\t\t\t\t\t\t\t<div class=\"elementor-element elementor-element-17326b9e elementor-widget elementor-widget-image\" data-id=\"17326b9e\" data-element_type=\"widget\" data-widget_type=\"image.default\">\n\t\t\t\t<div class=\"elementor-widget-container\">\n\t\t\t\t\t\t\t\t\t\t\t\t\t\t\t<img width=\"900\" height=\"675\" src=\"https:\/\/zonaimaginaria.com.ar\/web\/wp-content\/uploads\/2022\/02\/Dani1.jpg\" class=\"attachment-large size-large\" alt=\"\" loading=\"lazy\" srcset=\"https:\/\/zonaimaginaria.com.ar\/web\/wp-content\/uploads\/2022\/02\/Dani1.jpg 900w, https:\/\/zonaimaginaria.com.ar\/web\/wp-content\/uploads\/2022\/02\/Dani1-300x225.jpg 300w, https:\/\/zonaimaginaria.com.ar\/web\/wp-content\/uploads\/2022\/02\/Dani1-768x576.jpg 768w, https:\/\/zonaimaginaria.com.ar\/web\/wp-content\/uploads\/2022\/02\/Dani1-160x120.jpg 160w\" sizes=\"(max-width: 900px) 100vw, 900px\" \/>\t\t\t\t\t\t\t\t\t\t\t\t\t\t\t<\/div>\n\t\t\t\t<\/div>\n\t\t\t\t<div class=\"elementor-element elementor-element-64dee48f elementor-widget elementor-widget-image\" data-id=\"64dee48f\" data-element_type=\"widget\" data-widget_type=\"image.default\">\n\t\t\t\t<div class=\"elementor-widget-container\">\n\t\t\t\t\t\t\t\t\t\t\t\t\t\t\t<img width=\"900\" height=\"675\" src=\"https:\/\/zonaimaginaria.com.ar\/web\/wp-content\/uploads\/2022\/02\/Dani2.jpg\" class=\"attachment-large size-large\" alt=\"\" loading=\"lazy\" srcset=\"https:\/\/zonaimaginaria.com.ar\/web\/wp-content\/uploads\/2022\/02\/Dani2.jpg 900w, https:\/\/zonaimaginaria.com.ar\/web\/wp-content\/uploads\/2022\/02\/Dani2-300x225.jpg 300w, https:\/\/zonaimaginaria.com.ar\/web\/wp-content\/uploads\/2022\/02\/Dani2-768x576.jpg 768w, https:\/\/zonaimaginaria.com.ar\/web\/wp-content\/uploads\/2022\/02\/Dani2-160x120.jpg 160w\" sizes=\"(max-width: 900px) 100vw, 900px\" \/>\t\t\t\t\t\t\t\t\t\t\t\t\t\t\t<\/div>\n\t\t\t\t<\/div>\n\t\t\t\t\t<\/div>\n\t\t<\/div>\n\t\t\t\t<div class=\"elementor-column elementor-col-50 elementor-top-column elementor-element elementor-element-6505a688\" data-id=\"6505a688\" data-element_type=\"column\">\n\t\t\t<div class=\"elementor-widget-wrap elementor-element-populated\">\n\t\t\t\t\t\t\t\t<div class=\"elementor-element elementor-element-602df31f elementor-widget elementor-widget-image\" data-id=\"602df31f\" data-element_type=\"widget\" data-widget_type=\"image.default\">\n\t\t\t\t<div class=\"elementor-widget-container\">\n\t\t\t\t\t\t\t\t\t\t\t\t\t\t\t<img width=\"900\" height=\"675\" src=\"https:\/\/zonaimaginaria.com.ar\/web\/wp-content\/uploads\/2022\/02\/Dani4.jpg\" class=\"attachment-large size-large\" alt=\"\" loading=\"lazy\" srcset=\"https:\/\/zonaimaginaria.com.ar\/web\/wp-content\/uploads\/2022\/02\/Dani4.jpg 900w, https:\/\/zonaimaginaria.com.ar\/web\/wp-content\/uploads\/2022\/02\/Dani4-300x225.jpg 300w, https:\/\/zonaimaginaria.com.ar\/web\/wp-content\/uploads\/2022\/02\/Dani4-768x576.jpg 768w, https:\/\/zonaimaginaria.com.ar\/web\/wp-content\/uploads\/2022\/02\/Dani4-160x120.jpg 160w\" sizes=\"(max-width: 900px) 100vw, 900px\" \/>\t\t\t\t\t\t\t\t\t\t\t\t\t\t\t<\/div>\n\t\t\t\t<\/div>\n\t\t\t\t<div class=\"elementor-element elementor-element-3ba225a4 elementor-widget elementor-widget-image\" data-id=\"3ba225a4\" data-element_type=\"widget\" data-widget_type=\"image.default\">\n\t\t\t\t<div class=\"elementor-widget-container\">\n\t\t\t\t\t\t\t\t\t\t\t\t\t\t\t<img width=\"900\" height=\"675\" src=\"https:\/\/zonaimaginaria.com.ar\/web\/wp-content\/uploads\/2022\/02\/Dani3.jpg\" class=\"attachment-large size-large\" alt=\"\" loading=\"lazy\" srcset=\"https:\/\/zonaimaginaria.com.ar\/web\/wp-content\/uploads\/2022\/02\/Dani3.jpg 900w, https:\/\/zonaimaginaria.com.ar\/web\/wp-content\/uploads\/2022\/02\/Dani3-300x225.jpg 300w, https:\/\/zonaimaginaria.com.ar\/web\/wp-content\/uploads\/2022\/02\/Dani3-768x576.jpg 768w, https:\/\/zonaimaginaria.com.ar\/web\/wp-content\/uploads\/2022\/02\/Dani3-160x120.jpg 160w\" sizes=\"(max-width: 900px) 100vw, 900px\" \/>\t\t\t\t\t\t\t\t\t\t\t\t\t\t\t<\/div>\n\t\t\t\t<\/div>\n\t\t\t\t\t<\/div>\n\t\t<\/div>\n\t\t\t\t\t\t\t<\/div>\n\t\t<\/section>\n\t\t\t\t<section class=\"elementor-section elementor-top-section elementor-element elementor-element-4d6faf1 elementor-section-stretched elementor-section-boxed elementor-section-height-default elementor-section-height-default\" data-id=\"4d6faf1\" data-element_type=\"section\" data-settings=\"{&quot;stretch_section&quot;:&quot;section-stretched&quot;}\">\n\t\t\t\t\t\t<div class=\"elementor-container elementor-column-gap-default\">\n\t\t\t\t\t<div class=\"elementor-column elementor-col-100 elementor-top-column elementor-element elementor-element-55842d1\" data-id=\"55842d1\" data-element_type=\"column\">\n\t\t\t<div class=\"elementor-widget-wrap elementor-element-populated\">\n\t\t\t\t\t\t\t\t<div class=\"elementor-element elementor-element-7bcc3ec elementor-widget elementor-widget-text-editor\" data-id=\"7bcc3ec\" data-element_type=\"widget\" data-widget_type=\"text-editor.default\">\n\t\t\t\t<div class=\"elementor-widget-container\">\n\t\t\t\t\t\t\t\t<p class=\"style1\"><strong>About the projects<\/strong><\/p><p><span style=\"font-weight: 400;\">Living at Zona Imaginaria was a transformational experience and the house wound up inhabiting me. My attention was drawn to the way light filters into the house, as if it were never turned off, its effects on the objects that organically inhabit it, the impressions works have left in every corner, the bathroom and the women who observe you from the door and behind the mirror, the glazed ceramic pots, Ola Khalidi and Diala Khasawnih\u2019s recipes on the walls, the patio and its mural by Ana Vogelfang of a young man reading a book. As the days go by, Lucrecia\u2019s accounts of how each one of these works came into being constructed a new house for me, an imagined house.<\/span><\/p><p><span style=\"font-weight: 400;\">During my stay, time was my tool. I would write in the morning, meditating on art and my forms of expression. My intention was to work on the concept of mutation in black and white photography. Accordingly, I took the book of <\/span><i><span style=\"font-weight: 400;\">I Ching<\/span><\/i><span style=\"font-weight: 400;\">\u2014the ancestral Chinese oracle\u2014as a reference, which I used as a guide. With encouragement from Maile\u0301n, Lara and Candela, girls from the neighborhood, I decided to open a session of consulting the <\/span><i><span style=\"font-weight: 400;\">I Ching<\/span><\/i><span style=\"font-weight: 400;\"> to the neighborhood. This was on the condition that an object would be exchanged in return for the service rendered, which consisted of interpret- ing a hexagram to find out what destiny has in store.<\/span><\/p><p><em><span style=\"font-weight: 400;\">Living in the house undoubtedly changed me: entering for the first time and inhabiting a space, appropriating it, leaving traces. The space changed as did I along with it. The <\/span><i><span style=\"font-weight: 400;\">I Ching<\/span><\/i><span style=\"font-weight: 400;\"> says: \u2018the sky represents time and the earth represents space\u2019. I think about Zona Imaginaria from this standpoint: time and space, an alchemy formula of sorts for creation. <\/span><\/em><\/p><p><em><span style=\"font-weight: 400;\">\u2014 Dannisa Chalfoun <\/span><\/em><\/p>\t\t\t\t\t\t<\/div>\n\t\t\t\t<\/div>\n\t\t\t\t<div class=\"elementor-element elementor-element-c57c36a elementor-widget elementor-widget-menu-anchor\" data-id=\"c57c36a\" data-element_type=\"widget\" data-widget_type=\"menu-anchor.default\">\n\t\t\t\t<div class=\"elementor-widget-container\">\n\t\t\t\t\t<div id=\"Chalfoun\" class=\"elementor-menu-anchor\"><\/div>\n\t\t\t\t<\/div>\n\t\t\t\t<\/div>\n\t\t\t\t\t<\/div>\n\t\t<\/div>\n\t\t\t\t\t\t\t<\/div>\n\t\t<\/section>\n\t\t\t\t<section class=\"elementor-section elementor-top-section elementor-element elementor-element-462ada4 elementor-section-stretched elementor-section-boxed elementor-section-height-default elementor-section-height-default\" data-id=\"462ada4\" data-element_type=\"section\" data-settings=\"{&quot;stretch_section&quot;:&quot;section-stretched&quot;}\">\n\t\t\t\t\t\t<div class=\"elementor-container elementor-column-gap-default\">\n\t\t\t\t\t<div class=\"elementor-column elementor-col-100 elementor-top-column elementor-element elementor-element-60926cd\" data-id=\"60926cd\" data-element_type=\"column\">\n\t\t\t<div class=\"elementor-widget-wrap elementor-element-populated\">\n\t\t\t\t\t\t\t\t<div class=\"elementor-element elementor-element-f730dba elementor-widget elementor-widget-text-editor\" data-id=\"f730dba\" data-element_type=\"widget\" data-widget_type=\"text-editor.default\">\n\t\t\t\t<div class=\"elementor-widget-container\">\n\t\t\t\t\t\t\t\t<p class=\"p1\"><strong>Dannisa Chalfoun.<\/strong> Nac\u00ed en la provincia de Tucum\u00e1n el 24 de Octubre de 1986. Desde peque\u00f1a me apasionaron las ciencias exactas. Estudi\u00e9 Ingenier\u00eda en Materiales en Buenos Aires y gracias a mi carrera descubr\u00ed la Microscop\u00eda. Dada mi fascinaci\u00f3n con la imagen y su informaci\u00f3n, decid\u00ed estudiar fotograf\u00eda. Al comienzo lo hice como autodidacta, luego hice cursos tanto de fotograf\u00eda digital como anal\u00f3gica.<\/p>\t\t\t\t\t\t<\/div>\n\t\t\t\t<\/div>\n\t\t\t\t\t<\/div>\n\t\t<\/div>\n\t\t\t\t\t\t\t<\/div>\n\t\t<\/section>\n\t\t\t\t\t\t<\/div>\n\t\t\t\t\t<\/div>\n\t\t","protected":false},"excerpt":{"rendered":"<p>ZI RESIDENCIA Qui\u00e9n puede vivir en esta casa? English Below DANNISA CHALFOUN \u00b7 Tucum\u00e1n, Argentina \u00b7 Febrero 2016 + Residencia Verano con Magdalena Petroni y Alicia Valente + Recorrido por el barrio + Encuentros con artistas + Fotograbado Sobre los proyectos &#8216;Vivir en Zona fue transformador en mi caso y la casa termin\u00f3 habitando en&hellip;<\/p>\n","protected":false},"author":1,"featured_media":0,"parent":0,"menu_order":0,"comment_status":"closed","ping_status":"closed","template":"","meta":[],"_links":{"self":[{"href":"https:\/\/zonaimaginaria.com.ar\/web\/wp-json\/wp\/v2\/pages\/4621"}],"collection":[{"href":"https:\/\/zonaimaginaria.com.ar\/web\/wp-json\/wp\/v2\/pages"}],"about":[{"href":"https:\/\/zonaimaginaria.com.ar\/web\/wp-json\/wp\/v2\/types\/page"}],"author":[{"embeddable":true,"href":"https:\/\/zonaimaginaria.com.ar\/web\/wp-json\/wp\/v2\/users\/1"}],"replies":[{"embeddable":true,"href":"https:\/\/zonaimaginaria.com.ar\/web\/wp-json\/wp\/v2\/comments?post=4621"}],"version-history":[{"count":16,"href":"https:\/\/zonaimaginaria.com.ar\/web\/wp-json\/wp\/v2\/pages\/4621\/revisions"}],"predecessor-version":[{"id":6312,"href":"https:\/\/zonaimaginaria.com.ar\/web\/wp-json\/wp\/v2\/pages\/4621\/revisions\/6312"}],"wp:attachment":[{"href":"https:\/\/zonaimaginaria.com.ar\/web\/wp-json\/wp\/v2\/media?parent=4621"}],"curies":[{"name":"wp","href":"https:\/\/api.w.org\/{rel}","templated":true}]}}