{"id":1232,"date":"2021-05-10T15:48:53","date_gmt":"2021-05-10T18:48:53","guid":{"rendered":"http:\/\/zonaimaginaria.com.ar\/web\/?page_id=1232"},"modified":"2022-02-17T15:08:08","modified_gmt":"2022-02-17T18:08:08","slug":"andre-hauck","status":"publish","type":"page","link":"https:\/\/zonaimaginaria.com.ar\/web\/andre-hauck\/","title":{"rendered":"Andre Hauck"},"content":{"rendered":"\t\t<div data-elementor-type=\"wp-page\" data-elementor-id=\"1232\" class=\"elementor elementor-1232\" data-elementor-settings=\"[]\">\n\t\t\t\t\t\t\t<div class=\"elementor-section-wrap\">\n\t\t\t\t\t\t\t<section class=\"elementor-section elementor-top-section elementor-element elementor-element-2f374e5b elementor-section-height-min-height elementor-section-stretched elementor-section-full_width elementor-section-height-default elementor-section-items-middle\" data-id=\"2f374e5b\" data-element_type=\"section\" data-settings=\"{&quot;stretch_section&quot;:&quot;section-stretched&quot;}\">\n\t\t\t\t\t\t<div class=\"elementor-container elementor-column-gap-default\">\n\t\t\t\t\t<div class=\"elementor-column elementor-col-100 elementor-top-column elementor-element elementor-element-4187197e\" data-id=\"4187197e\" data-element_type=\"column\">\n\t\t\t<div class=\"elementor-widget-wrap elementor-element-populated\">\n\t\t\t\t\t\t\t\t<div class=\"elementor-element elementor-element-61dccd23 elementor-widget elementor-widget-image\" data-id=\"61dccd23\" data-element_type=\"widget\" data-widget_type=\"image.default\">\n\t\t\t\t<div class=\"elementor-widget-container\">\n\t\t\t\t\t\t\t\t\t\t\t\t\t\t\t<img width=\"1200\" height=\"504\" src=\"https:\/\/zonaimaginaria.com.ar\/web\/wp-content\/uploads\/2022\/02\/Andre-Portada.jpg\" class=\"attachment-full size-full\" alt=\"\" loading=\"lazy\" srcset=\"https:\/\/zonaimaginaria.com.ar\/web\/wp-content\/uploads\/2022\/02\/Andre-Portada.jpg 1200w, https:\/\/zonaimaginaria.com.ar\/web\/wp-content\/uploads\/2022\/02\/Andre-Portada-300x126.jpg 300w, https:\/\/zonaimaginaria.com.ar\/web\/wp-content\/uploads\/2022\/02\/Andre-Portada-1024x430.jpg 1024w, https:\/\/zonaimaginaria.com.ar\/web\/wp-content\/uploads\/2022\/02\/Andre-Portada-768x323.jpg 768w\" sizes=\"(max-width: 1200px) 100vw, 1200px\" \/>\t\t\t\t\t\t\t\t\t\t\t\t\t\t\t<\/div>\n\t\t\t\t<\/div>\n\t\t\t\t\t<\/div>\n\t\t<\/div>\n\t\t\t\t\t\t\t<\/div>\n\t\t<\/section>\n\t\t\t\t<section class=\"elementor-section elementor-top-section elementor-element elementor-element-59aec238 elementor-section-stretched elementor-section-boxed elementor-section-height-default elementor-section-height-default\" data-id=\"59aec238\" data-element_type=\"section\" data-settings=\"{&quot;stretch_section&quot;:&quot;section-stretched&quot;,&quot;background_background&quot;:&quot;classic&quot;}\">\n\t\t\t\t\t\t<div class=\"elementor-container elementor-column-gap-default\">\n\t\t\t\t\t<div class=\"elementor-column elementor-col-100 elementor-top-column elementor-element elementor-element-7d712fd\" data-id=\"7d712fd\" data-element_type=\"column\">\n\t\t\t<div class=\"elementor-widget-wrap elementor-element-populated\">\n\t\t\t\t\t\t\t\t<div class=\"elementor-element elementor-element-61d5410f elementor-widget elementor-widget-heading\" data-id=\"61d5410f\" data-element_type=\"widget\" data-widget_type=\"heading.default\">\n\t\t\t\t<div class=\"elementor-widget-container\">\n\t\t\t<h2 class=\"elementor-heading-title elementor-size-medium\">ZI RESIDENCIA Qui\u00e9n puede vivir en esta casa?<\/h2>\t\t<\/div>\n\t\t\t\t<\/div>\n\t\t\t\t\t<\/div>\n\t\t<\/div>\n\t\t\t\t\t\t\t<\/div>\n\t\t<\/section>\n\t\t\t\t<section class=\"elementor-section elementor-top-section elementor-element elementor-element-5b01f2a1 elementor-section-stretched elementor-section-height-min-height elementor-section-boxed elementor-section-height-default elementor-section-items-middle\" data-id=\"5b01f2a1\" data-element_type=\"section\" data-settings=\"{&quot;stretch_section&quot;:&quot;section-stretched&quot;}\">\n\t\t\t\t\t\t<div class=\"elementor-container elementor-column-gap-default\">\n\t\t\t\t\t<div class=\"elementor-column elementor-col-100 elementor-top-column elementor-element elementor-element-39d7fcb8\" data-id=\"39d7fcb8\" data-element_type=\"column\">\n\t\t\t<div class=\"elementor-widget-wrap elementor-element-populated\">\n\t\t\t\t\t\t\t\t<div class=\"elementor-element elementor-element-72fbf22e elementor-widget elementor-widget-heading\" data-id=\"72fbf22e\" data-element_type=\"widget\" data-widget_type=\"heading.default\">\n\t\t\t\t<div class=\"elementor-widget-container\">\n\t\t\t<h2 class=\"elementor-heading-title elementor-size-default\">ANDRE HAUCK \u00b7 Belo Horizonte, Brasil \u00b7 Octubre 2012<\/h2>\t\t<\/div>\n\t\t\t\t<\/div>\n\t\t\t\t<div class=\"elementor-element elementor-element-3d2d114b elementor-widget elementor-widget-text-editor\" data-id=\"3d2d114b\" data-element_type=\"widget\" data-widget_type=\"text-editor.default\">\n\t\t\t\t<div class=\"elementor-widget-container\">\n\t\t\t\t\t\t\t\t<h6><span style=\"color: #999999;\">+ Residencia Internacional<\/span><\/h6><h6><span style=\"color: #999999;\">+ Proyecto \u201cEntre-tierras&#8221; &#8220;Autos&#8221; y &#8220;Villa Jard\u00edn&#8221;<\/span><\/h6><h6><span style=\"color: #999999;\">+ Encuentros con artistas<\/span><\/h6>\t\t\t\t\t\t<\/div>\n\t\t\t\t<\/div>\n\t\t\t\t\t<\/div>\n\t\t<\/div>\n\t\t\t\t\t\t\t<\/div>\n\t\t<\/section>\n\t\t\t\t<section class=\"elementor-section elementor-top-section elementor-element elementor-element-28dc81d0 elementor-section-stretched elementor-section-boxed elementor-section-height-default elementor-section-height-default\" data-id=\"28dc81d0\" data-element_type=\"section\" data-settings=\"{&quot;stretch_section&quot;:&quot;section-stretched&quot;}\">\n\t\t\t\t\t\t<div class=\"elementor-container elementor-column-gap-default\">\n\t\t\t\t\t<div class=\"elementor-column elementor-col-100 elementor-top-column elementor-element elementor-element-7f5f37b6\" data-id=\"7f5f37b6\" data-element_type=\"column\">\n\t\t\t<div class=\"elementor-widget-wrap elementor-element-populated\">\n\t\t\t\t\t\t\t\t<div class=\"elementor-element elementor-element-61854b0a elementor-widget elementor-widget-text-editor\" data-id=\"61854b0a\" data-element_type=\"widget\" data-widget_type=\"text-editor.default\">\n\t\t\t\t<div class=\"elementor-widget-container\">\n\t\t\t\t\t\t\t\t<p class=\"style1\"><strong>Sobre los proyectos<\/strong><\/p><p><strong>Entre tierras<\/strong><\/p><p class=\"style1\" align=\"justify\">\u201c<span lang=\"en-US\" xml:lang=\"en-US\"><em>El proyecto\u00a0<strong>\u201cEntre \u2013 tierras\u201d<\/strong>\u00a0para esta residencia tendr\u00e1 como punto de partida los conceptos de territorializaci\u00f3n y desterritorializaci\u00f3n en el espacio urbano y los efectos colaterales.<\/em><\/span><\/p><p align=\"justify\"><span class=\"style1\" lang=\"en-US\" xml:lang=\"en-US\"><em>La propuesta es mapear y registrar con una c\u00e1mara de gran formato (4\/5pulgadas) y pelicula en blanco y negro, areas que reflejen los conflictos generados por el crecimiento urbano de las grandes ciudades y su entorno. Otra preocupaci\u00f3n es reflexionar sobre el uso de la fotograf\u00eda en un tiempo donde nada se fija, y donde los acontecimientos se escapan de nuestra memoria.\u201d\u00a0<\/em>Asi es como proyect\u00f3 un video y una foto sobre el paisaje del barrio Villa Jardin.<\/span><\/p>\t\t\t\t\t\t<\/div>\n\t\t\t\t<\/div>\n\t\t\t\t\t<\/div>\n\t\t<\/div>\n\t\t\t\t\t\t\t<\/div>\n\t\t<\/section>\n\t\t\t\t<section class=\"elementor-section elementor-top-section elementor-element elementor-element-7bcc1ce elementor-section-stretched elementor-section-boxed elementor-section-height-default elementor-section-height-default\" data-id=\"7bcc1ce\" data-element_type=\"section\" data-settings=\"{&quot;stretch_section&quot;:&quot;section-stretched&quot;}\">\n\t\t\t\t\t\t<div class=\"elementor-container elementor-column-gap-default\">\n\t\t\t\t\t<div class=\"elementor-column elementor-col-100 elementor-top-column elementor-element elementor-element-ffe79a1\" data-id=\"ffe79a1\" data-element_type=\"column\">\n\t\t\t<div class=\"elementor-widget-wrap elementor-element-populated\">\n\t\t\t\t\t\t\t\t<div class=\"elementor-element elementor-element-614621c elementor-widget elementor-widget-image\" data-id=\"614621c\" data-element_type=\"widget\" data-widget_type=\"image.default\">\n\t\t\t\t<div class=\"elementor-widget-container\">\n\t\t\t\t\t\t\t\t\t\t\t\t\t\t\t<img width=\"1024\" height=\"576\" src=\"https:\/\/zonaimaginaria.com.ar\/web\/wp-content\/uploads\/2022\/02\/still-zona-im-1024x576.jpg\" class=\"attachment-large size-large\" alt=\"\" loading=\"lazy\" srcset=\"https:\/\/zonaimaginaria.com.ar\/web\/wp-content\/uploads\/2022\/02\/still-zona-im-1024x576.jpg 1024w, https:\/\/zonaimaginaria.com.ar\/web\/wp-content\/uploads\/2022\/02\/still-zona-im-300x169.jpg 300w, https:\/\/zonaimaginaria.com.ar\/web\/wp-content\/uploads\/2022\/02\/still-zona-im-768x432.jpg 768w, https:\/\/zonaimaginaria.com.ar\/web\/wp-content\/uploads\/2022\/02\/still-zona-im-1536x864.jpg 1536w, https:\/\/zonaimaginaria.com.ar\/web\/wp-content\/uploads\/2022\/02\/still-zona-im-1140x641.jpg 1140w, https:\/\/zonaimaginaria.com.ar\/web\/wp-content\/uploads\/2022\/02\/still-zona-im-720x405.jpg 720w, https:\/\/zonaimaginaria.com.ar\/web\/wp-content\/uploads\/2022\/02\/still-zona-im.jpg 1920w\" sizes=\"(max-width: 1024px) 100vw, 1024px\" \/>\t\t\t\t\t\t\t\t\t\t\t\t\t\t\t<\/div>\n\t\t\t\t<\/div>\n\t\t\t\t\t<\/div>\n\t\t<\/div>\n\t\t\t\t\t\t\t<\/div>\n\t\t<\/section>\n\t\t\t\t<section class=\"elementor-section elementor-top-section elementor-element elementor-element-1a98627 elementor-section-stretched elementor-section-boxed elementor-section-height-default elementor-section-height-default\" data-id=\"1a98627\" data-element_type=\"section\" data-settings=\"{&quot;stretch_section&quot;:&quot;section-stretched&quot;}\">\n\t\t\t\t\t\t<div class=\"elementor-container elementor-column-gap-default\">\n\t\t\t\t\t<div class=\"elementor-column elementor-col-100 elementor-top-column elementor-element elementor-element-342a736\" data-id=\"342a736\" data-element_type=\"column\">\n\t\t\t<div class=\"elementor-widget-wrap elementor-element-populated\">\n\t\t\t\t\t\t\t\t<div class=\"elementor-element elementor-element-29dad20 elementor-widget elementor-widget-text-editor\" data-id=\"29dad20\" data-element_type=\"widget\" data-widget_type=\"text-editor.default\">\n\t\t\t\t<div class=\"elementor-widget-container\">\n\t\t\t\t\t\t\t\t<p class=\"style1\"><span class=\"style1\"><span lang=\"en-US\" xml:lang=\"en-US\"><strong>Autos. <\/strong><\/span><\/span><span class=\"style1\" lang=\"pt-BR\" xml:lang=\"pt-BR\">Este projecto consiste en una documentaci\u00f3n fotogr\u00e1fica de diferentes tipos de autos encontrados en el barrio de Villa Jardin. Todos los registros fueron realizados de forma semejante y posteriormente presentados lado a lado. La intenci\u00f3n es proporcionar un juego atrav\u00e9s de la tipologia comparativa de dos carros y crear una reflexi\u00f3n sobre cuestiones hist\u00f3ricas, sociol\u00f3gicas y econ\u00f3micas.<\/span><\/p>\t\t\t\t\t\t<\/div>\n\t\t\t\t<\/div>\n\t\t\t\t\t<\/div>\n\t\t<\/div>\n\t\t\t\t\t\t\t<\/div>\n\t\t<\/section>\n\t\t\t\t<section class=\"elementor-section elementor-top-section elementor-element elementor-element-8e768f0 elementor-section-stretched elementor-section-boxed elementor-section-height-default elementor-section-height-default\" data-id=\"8e768f0\" data-element_type=\"section\" data-settings=\"{&quot;stretch_section&quot;:&quot;section-stretched&quot;}\">\n\t\t\t\t\t\t<div class=\"elementor-container elementor-column-gap-default\">\n\t\t\t\t\t<div class=\"elementor-column elementor-col-100 elementor-top-column elementor-element elementor-element-59fb5ad\" data-id=\"59fb5ad\" data-element_type=\"column\">\n\t\t\t<div class=\"elementor-widget-wrap elementor-element-populated\">\n\t\t\t\t\t\t\t\t<div class=\"elementor-element elementor-element-1669338 elementor-widget elementor-widget-image\" data-id=\"1669338\" data-element_type=\"widget\" data-widget_type=\"image.default\">\n\t\t\t\t<div class=\"elementor-widget-container\">\n\t\t\t\t\t\t\t\t\t\t\t\t\t\t\t<img width=\"1024\" height=\"527\" src=\"https:\/\/zonaimaginaria.com.ar\/web\/wp-content\/uploads\/2022\/02\/Autos-San-Fernando-conjunto-1024x527.jpg\" class=\"attachment-large size-large\" alt=\"\" loading=\"lazy\" srcset=\"https:\/\/zonaimaginaria.com.ar\/web\/wp-content\/uploads\/2022\/02\/Autos-San-Fernando-conjunto-1024x527.jpg 1024w, https:\/\/zonaimaginaria.com.ar\/web\/wp-content\/uploads\/2022\/02\/Autos-San-Fernando-conjunto-300x154.jpg 300w, https:\/\/zonaimaginaria.com.ar\/web\/wp-content\/uploads\/2022\/02\/Autos-San-Fernando-conjunto-768x395.jpg 768w, https:\/\/zonaimaginaria.com.ar\/web\/wp-content\/uploads\/2022\/02\/Autos-San-Fernando-conjunto-1536x790.jpg 1536w, https:\/\/zonaimaginaria.com.ar\/web\/wp-content\/uploads\/2022\/02\/Autos-San-Fernando-conjunto.jpg 2000w\" sizes=\"(max-width: 1024px) 100vw, 1024px\" \/>\t\t\t\t\t\t\t\t\t\t\t\t\t\t\t<\/div>\n\t\t\t\t<\/div>\n\t\t\t\t\t<\/div>\n\t\t<\/div>\n\t\t\t\t\t\t\t<\/div>\n\t\t<\/section>\n\t\t\t\t<section class=\"elementor-section elementor-top-section elementor-element elementor-element-456010a elementor-section-stretched elementor-section-boxed elementor-section-height-default elementor-section-height-default\" data-id=\"456010a\" data-element_type=\"section\" data-settings=\"{&quot;stretch_section&quot;:&quot;section-stretched&quot;}\">\n\t\t\t\t\t\t<div class=\"elementor-container elementor-column-gap-default\">\n\t\t\t\t\t<div class=\"elementor-column elementor-col-100 elementor-top-column elementor-element elementor-element-fcab596\" data-id=\"fcab596\" data-element_type=\"column\">\n\t\t\t<div class=\"elementor-widget-wrap elementor-element-populated\">\n\t\t\t\t\t\t\t\t<div class=\"elementor-element elementor-element-1635a55 elementor-widget elementor-widget-text-editor\" data-id=\"1635a55\" data-element_type=\"widget\" data-widget_type=\"text-editor.default\">\n\t\t\t\t<div class=\"elementor-widget-container\">\n\t\t\t\t\t\t\t\t<p class=\"style1\"><span class=\"style1\"><strong>Villa Jard\u00edn<\/strong><em>. La aceleraci\u00f3n que nos imponen los medios de comunicaci\u00f3n no nos permite pararnos para <\/em><span lang=\"es-ES\" xml:lang=\"es-ES\"><em>mirar<\/em><\/span><\/span>\u00a0<span class=\"style1\" lang=\"es-ES\" xml:lang=\"es-ES\"><em>lo que nos rodea. Nos movemos de<\/em><\/span>\u00a0<span class=\"style1\" lang=\"es-ES\" xml:lang=\"es-ES\"><em>un punto a otro<\/em><\/span>\u00a0<span class=\"style1\" lang=\"es-ES\" xml:lang=\"es-ES\"><em>sin percibir el<\/em><\/span>\u00a0<span class=\"style1\" lang=\"es-ES\" xml:lang=\"es-ES\"><em>paisaje que nos<\/em><\/span>\u00a0<span class=\"style1\" lang=\"es-ES\" xml:lang=\"es-ES\"><em>rodea.<\/em><\/span>\u00a0<span class=\"style1\" lang=\"es-ES\" xml:lang=\"es-ES\"><em>En este esquema no<\/em><\/span>\u00a0<span class=\"style1\" lang=\"es-ES\" xml:lang=\"es-ES\"><em>hay nada<\/em><\/span>\u00a0<span class=\"style1\" lang=\"es-ES\" xml:lang=\"es-ES\"><em>fijo.<\/em><\/span>\u00a0<span class=\"style1\" lang=\"es-ES\" xml:lang=\"es-ES\"><em>Este video<\/em><\/span>\u00a0<span class=\"style1\" lang=\"es-ES\" xml:lang=\"es-ES\"><em>muestra lo cotidiano<\/em><\/span>\u00a0<span class=\"style1\" lang=\"es-ES\" xml:lang=\"es-ES\"><em>de<\/em><\/span>\u00a0<span class=\"style1\" lang=\"es-ES\" xml:lang=\"es-ES\"><em>Villa Jard\u00edn<\/em><\/span>\u00a0<span class=\"style1\" lang=\"es-ES\" xml:lang=\"es-ES\"><em>directamente y sin<\/em><\/span>\u00a0<span class=\"style1\" lang=\"es-ES\" xml:lang=\"es-ES\"><em>artificios con la<\/em><\/span>\u00a0<span class=\"style1\" lang=\"es-ES\" xml:lang=\"es-ES\"><em>intenci\u00f3n<\/em><\/span>\u00a0<span class=\"style1\" lang=\"es-ES\" xml:lang=\"es-ES\"><em>de ofrecer<\/em><\/span>\u00a0<span class=\"style1\" lang=\"es-ES\" xml:lang=\"es-ES\"><em>una especie de<\/em><\/span>\u00a0<span class=\"style1\" lang=\"es-ES\" xml:lang=\"es-ES\"><em>suspensi\u00f3n<\/em><\/span>\u00a0<span class=\"style1\" lang=\"es-ES\" xml:lang=\"es-ES\"><em>temporal y espacial<\/em><\/span>\u00a0<span class=\"style1\" lang=\"es-ES\" xml:lang=\"es-ES\"><em>que rompe con<\/em><\/span>\u00a0<span class=\"style1\" lang=\"es-ES\" xml:lang=\"es-ES\"><em>la fugacidad<\/em><\/span>\u00a0<span class=\"style1\" lang=\"es-ES\" xml:lang=\"es-ES\"><em>de los acontecimientos.\u201d<\/em><\/span><\/p>\t\t\t\t\t\t<\/div>\n\t\t\t\t<\/div>\n\t\t\t\t\t<\/div>\n\t\t<\/div>\n\t\t\t\t\t\t\t<\/div>\n\t\t<\/section>\n\t\t\t\t<section class=\"elementor-section elementor-top-section elementor-element elementor-element-2153361 elementor-section-stretched elementor-section-boxed elementor-section-height-default elementor-section-height-default\" data-id=\"2153361\" data-element_type=\"section\" data-settings=\"{&quot;stretch_section&quot;:&quot;section-stretched&quot;}\">\n\t\t\t\t\t\t<div class=\"elementor-container elementor-column-gap-default\">\n\t\t\t\t\t<div class=\"elementor-column elementor-col-100 elementor-top-column elementor-element elementor-element-651fcfa\" data-id=\"651fcfa\" data-element_type=\"column\">\n\t\t\t<div class=\"elementor-widget-wrap elementor-element-populated\">\n\t\t\t\t\t\t\t\t<div class=\"elementor-element elementor-element-a92651d elementor-aspect-ratio-169 elementor-widget elementor-widget-video\" data-id=\"a92651d\" data-element_type=\"widget\" data-settings=\"{&quot;video_type&quot;:&quot;vimeo&quot;,&quot;aspect_ratio&quot;:&quot;169&quot;}\" data-widget_type=\"video.default\">\n\t\t\t\t<div class=\"elementor-widget-container\">\n\t\t\t\t\t<div class=\"elementor-wrapper elementor-fit-aspect-ratio elementor-open-inline\">\n\t\t\t<iframe class=\"elementor-video-iframe\" allowfullscreen title=\"Reproductor de v\u00eddeo vimeo\" src=\"https:\/\/player.vimeo.com\/video\/61265094?color&amp;autopause=0&amp;loop=0&amp;muted=0&amp;title=1&amp;portrait=1&amp;byline=1#t=\"><\/iframe>\t\t<\/div>\n\t\t\t\t<\/div>\n\t\t\t\t<\/div>\n\t\t\t\t\t<\/div>\n\t\t<\/div>\n\t\t\t\t\t\t\t<\/div>\n\t\t<\/section>\n\t\t\t\t<section class=\"elementor-section elementor-top-section elementor-element elementor-element-bbdf61d elementor-section-stretched elementor-section-boxed elementor-section-height-default elementor-section-height-default\" data-id=\"bbdf61d\" data-element_type=\"section\" data-settings=\"{&quot;stretch_section&quot;:&quot;section-stretched&quot;}\">\n\t\t\t\t\t\t<div class=\"elementor-container elementor-column-gap-default\">\n\t\t\t\t\t<div class=\"elementor-column elementor-col-100 elementor-top-column elementor-element elementor-element-fffb0ae\" data-id=\"fffb0ae\" data-element_type=\"column\">\n\t\t\t<div class=\"elementor-widget-wrap elementor-element-populated\">\n\t\t\t\t\t\t\t\t<div class=\"elementor-element elementor-element-2ebde6d elementor-widget elementor-widget-text-editor\" data-id=\"2ebde6d\" data-element_type=\"widget\" data-widget_type=\"text-editor.default\">\n\t\t\t\t<div class=\"elementor-widget-container\">\n\t\t\t\t\t\t\t\t<p align=\"justify\"><span class=\"style1\"><strong>Andr\u00e9 Hauck. <\/strong><\/span><span class=\"style1\" lang=\"es-ES\" xml:lang=\"es-ES\">Vive en Belo Horizonte, Brasil, donde trabaja como artista. Hizo el Programa de Posgrado Maestr\u00eda en Artes de la UFMG. Desde el 2002 trabaja con la fotograf\u00eda y propone una reflexi\u00f3n sobre el proceso de expansi\u00f3n de las ciudades y el papel de la arquitectura en este contexto. Ha participado en importantes exposiciones como el Sal\u00f3n 63o de abril, donde se le concedi\u00f3 una beca de residencia, FCW Art Prize 2011, la Sala XIII Municipal de Artes Pl\u00e1sticas de Jo\u00e3o Pessoa, el Sal\u00f3n 38 de Contemporary Art Saciloto Luiz, el Sal\u00f3n Paranaense 63, el Premio de Fotograf\u00eda de Porto Seguro y el Sal\u00f3n 15 de Bah\u00eda. Particip\u00f3 en la exposici\u00f3n Arquitecturas Rechazar celebrada en la galer\u00eda de COPASA, Murta Genesco Trails Gallery en el Palacio de las Artes, Desiertos Urbanos en la galer\u00eda de arte de Cemig y el Programa Anual de Fotograf\u00eda CCSP \/ Galer\u00eda de arte Olido.<\/span><\/p>\t\t\t\t\t\t<\/div>\n\t\t\t\t<\/div>\n\t\t\t\t\t<\/div>\n\t\t<\/div>\n\t\t\t\t\t\t\t<\/div>\n\t\t<\/section>\n\t\t\t\t\t\t<\/div>\n\t\t\t\t\t<\/div>\n\t\t","protected":false},"excerpt":{"rendered":"<p>ZI RESIDENCIA Qui\u00e9n puede vivir en esta casa? ANDRE HAUCK \u00b7 Belo Horizonte, Brasil \u00b7 Octubre 2012 + Residencia Internacional + Proyecto \u201cEntre-tierras&#8221; &#8220;Autos&#8221; y &#8220;Villa Jard\u00edn&#8221; + Encuentros con artistas Sobre los proyectos Entre tierras \u201cEl proyecto\u00a0\u201cEntre \u2013 tierras\u201d\u00a0para esta residencia tendr\u00e1 como punto de partida los conceptos de territorializaci\u00f3n y desterritorializaci\u00f3n en el&hellip;<\/p>\n","protected":false},"author":1,"featured_media":0,"parent":0,"menu_order":0,"comment_status":"closed","ping_status":"closed","template":"","meta":[],"_links":{"self":[{"href":"https:\/\/zonaimaginaria.com.ar\/web\/wp-json\/wp\/v2\/pages\/1232"}],"collection":[{"href":"https:\/\/zonaimaginaria.com.ar\/web\/wp-json\/wp\/v2\/pages"}],"about":[{"href":"https:\/\/zonaimaginaria.com.ar\/web\/wp-json\/wp\/v2\/types\/page"}],"author":[{"embeddable":true,"href":"https:\/\/zonaimaginaria.com.ar\/web\/wp-json\/wp\/v2\/users\/1"}],"replies":[{"embeddable":true,"href":"https:\/\/zonaimaginaria.com.ar\/web\/wp-json\/wp\/v2\/comments?post=1232"}],"version-history":[{"count":22,"href":"https:\/\/zonaimaginaria.com.ar\/web\/wp-json\/wp\/v2\/pages\/1232\/revisions"}],"predecessor-version":[{"id":4333,"href":"https:\/\/zonaimaginaria.com.ar\/web\/wp-json\/wp\/v2\/pages\/1232\/revisions\/4333"}],"wp:attachment":[{"href":"https:\/\/zonaimaginaria.com.ar\/web\/wp-json\/wp\/v2\/media?parent=1232"}],"curies":[{"name":"wp","href":"https:\/\/api.w.org\/{rel}","templated":true}]}}